145 - ((7 - 19) + 4 - (-3 - 1))
20
What is the value of -137 + 29 + (-9 - -23) + -3?
-97
What is the value of -7 + 3 + (-29 - 0) - (11 + -12 + 9)?
-41
(65 - 21) + -30 - 84 - -15
-55
What is the value of 18 + ((21 + 9 - 7 - 13) + 13 - 11)?
30
What is -56 + 22 - (-131 + 74)?
23
Calculate -26 + (-5 - -6) + 0 + 5 + -12 + -1.
-33
What is (64 - 6 - ((-1 - (10 + -13)) + 5)) + -4?
47
What is the value of -27 - ((307 - 333) + -3 + 52)?
-50
Evaluate 3 - (-32 - -62) - -26.
-1
What is -80 - (-110 + -82 + 155)?
-43
Evaluate (-78 - -37) + (-9 + 10 - -3 - 6).
-43
What is the value of -18 - ((36 - 19) + -65)?
30
What is (-2 - 2 - 3) + (-9 - -19) + -17 + 46?
32
-626 + 581 + (8 - ((8 - 4) + 0) - -7)
-34
Evaluate 104 + -12 + 41 + -171.
-38
Evaluate 364 + -332 + (41 - -7) + (1 - 17).
64
Calculate (-3 - -7 - 2) + -5 + -28 + (-29 - -34).
-26
What is the value of 112 + 49 + -74 + -8?
79
What is -2 + -1 - (14 + -3 + (-8 - -23))?
-29
Evaluate 9 - (5 - (8 + 16 + -7)) - (-4 - -2).
23
Calculate 1247 + -1314 - (0 + -119).
52
What is the value of (-4 + 0 + -4 + (-30 - 2) - -1) + 4?
-35
What is 2 + -64 + 1850 + -1820?
-32
What is the value of (7 - 8) + -2 + 0 - (98 + (26 - 29))?
-98
What is (72 - (46 + -17)) + -41?
2
Calculate ((166 - 154) + 1 + -16 - 5) + 61.
53
Calculate -11 - (-54 + 45) - (2 - 5 - 0 - 84).
85
39 + (-28 - -7 - 8) + (2 - (66 - -3))
-57
Evaluate (-25 - (-5 + -3)) + -419 + 538.
102
What is -24 - (22 + -57 + -56)?
67
What is the value of (207 + -57 - 27) + (7 - 17) + -4?
109
(6 - 8) + (-1 - -9) + (82 - (153 + 69))
-134
Calculate 40 - (57 + (27 - 71)).
27
What is -3 + 1 - (0 - -1) - -5 - (12 + 32)?
-42
What is 17 + (-68 - -70) + 28?
47
What is -4 - ((-6 - -9 - -9) + -29 + 5 - -7)?
1
(-1 - (-85 + 97 + -3 + -99)) + (3 - 14)
78
Evaluate 174 + (-105 - 37) + (32 - -1).
65
3 - (6 - (38 + -24 - (9 + -3)))
5
What is the value of -73 + -1 + (-13 + -21 - -24) + 1?
-83
What is -2 + 1 + -133 + (381 - 395 - -21)?
-127
What is (271 - 296) + 1 + 11 + 113?
100
What is -25 + 21 + (10 - -1) + 2 - (47 - -23)?
-61
Calculate -584 + 580 + (-7 + (8 - 4) - 1).
-8
What is 71 - (41 + 5) - 68?
-43
What is the value of (89 + -114 - (-16 + -4)) + (8 - 19)?
-16
Calculate (-4 - (-8 - -4 - -59)) + (-34 - -49).
-44
Evaluate (3 - 9 - -14) + -8 + 0 + -19.
-19
What is -75 + (26 - 4) + -2 + 12?
-43
What is the value of 73 - (-176 + 185 + (-10 - 1) + -6 + 16)?
65
Evaluate -49 + (32 - (-34 + 61)).
-44
What is 6 + -2 + (-8 - -20) + -8 - 27?
-19
Calculate -54 + 45 - ((12 - 10 - 7) + 24).
-28
Evaluate 22 + 7 - ((-18 - -2) + (5 - 21) + 24).
37
Calculate -52 + -86 + (51 - -41).
-46
1207 + -1265 + 11 + 3
-44
Evaluate 24 - (8 - 33) - (-28 - -110).
-33
Calculate 15 + (3 - 24) + -37.
-43
4 - (-20 + (-12 - 9) + -3 + 15)
33
Evaluate 86 - 77 - (-48 - -99 - (8 + -1)).
-35
Evaluate (-12 - -12) + (52 - 0) + 7 + -4 + 0.
55
Calculate (2 - 4) + 85 - (30 - (4 + -36 + 70)).
91
What is (-1 - 0) + 9 + 19 + (-80 - -3)?
-50
What is ((-25 - -34) + -19 - (10 - 27)) + -34 + -3?
-30
What is 11 - ((32 - 20) + 2)?
-3
What is the value of -19 - (3 - 16) - (42 + (-2 - 1))?
-45
Evaluate -22 - -72 - (-4 + 24).
30
4 + 16 + -8 + (199 - 186)
25
What is -16 + 75 + -101 - 0?
-42
What is the value of -4 - -11 - -31 - (27 - 41)?
52
What is the value of -14 - (-71 - (-16 + 19 + 12))?
72
What is the value of -1 + 6 + (28 - (102 - 108))?
39
Calculate (-140 - -143) + 107 + -255.
-145
Calculate 26 + -29 + -43 + 37 + 51.
42
(13 + (7 - 24) - (5 + -55)) + (7 - 2)
51
Evaluate -61 + 68 - (-49 + 4 + 1) - (10 + 0).
41
What is (51 - 50) + -15 + 0 + -2?
-16
Calculate (1 - (-8 + 66) - 2) + 35 + -27.
-51
What is -65 - (-28 + -36) - 34?
-35
What is the value of 99 - 86 - ((5 - (8 + -3)) + -1 + 20)?
-6
Evaluate (-2 - -1) + -19 + (-57 - -171 - 96).
-2
Evaluate (-22 - -23) + (-1 + 4 + -6 - -3) - 48.
-47
What is the value of -9 + 36 - (5 - -5 - (16 - (8 - -11)))?
14
-11 - ((161 - 134) + (0 - -1))
-39
What is (-4 + 12 - 3) + 1 - (41 - 33)?
-2
1 - -31 - (-14 - (-36 - (9 + -22)))
23
What is the value of 50 + -37 + 99 + -64?
48
What is the value of 30 - 2 - (-347 - -386)?
-11
4 - -11 - ((-10 - (3 + -1)) + 11)
16
Calculate -54 - 1 - (-270 - -171).
44
Calculate (122 - 27) + (-5 - 20) + 17.
87
What is 29 - (3 - 1) - (-12 - (0 + 2 + -12))?
29
(-3 - -2 - -2 - 8 - (-30 + 28)) + -13
-18
(1 - 44) + -17 + -17 + -4 + 35
-46
-49 + -2 - (41 + -88 + 59)
-63
Calculate (-5 - (-1 + 0)) + (124 - 92) - -5.
33
-3 + (-1 - (-17 - -11 - 18)) + -93
-73
Calculate 6569 - 6611 - (-3 + -11).
-28
Evaluate -17 + (0 - (-44 - -16) - 15) + -2.
-6
What is the value of -3 + (-31 - -45) + -1 + 83?
93
What is the value of (-1 + 1 - 79) + 18 + (-74 - -15) + 36?
-84
Evaluate -57 + -52 - (-3 + (-19 - (14 + -21))).
-94
What is the value of -4 + -49 + (13 - (-19 + 5))?
-26
(15 - (-3 - -3)) + 32 + -110 + -19
-82
What is -4 - (14 + -13 - -17) - -28?
6
Evaluate (-2 - (1 - 1) - (48 + 49)) + (-3 - 2).
-104
What is -4 - ((32 + 11 + -3 - 19) + 0 + 2)?
-27
What is the value of 0 + 76 - (-8115 + 8167)?
24
What is the value of -20 - (-79 + 45 - -1)?
13
Calculate -66 + 23 + 41 + -1 + 27.
24
What is the value of 9 - (-59 + 94 + -49)?
23
Evaluate (-4 - -3 - 2) + 2 + 9 - (3568 + -3567).
7
What is (-5 - (1 - -1)) + (-3 - (-18 + 34) - 36)?
-62
Calculate 205 - 134 - (54 - 7).
24
(0 - (64 + -108)) + (4 - -24)
72
What is 3 - -4 - (-4 + 5 + (-12 - 94 - -23))?
89
What is the value of -112 + 95 + -218 - -136?
-99
Calculate -44 - (125 + -129 + (-16 - -3 - -4)).
-31
What is the value of 5 - 15 - (13 + (-21 - 8))?
6
Calculate -6 - (2 + 0) - (3 - 1) - (-1016 - -1115).
-109
-78 - (-4 + -19) - -56
1
Calculate -1 - (5 - (-15 + (18 + -7 - -2))).
-8
What is (-31 - 0 - (-6 - -11)) + 11 - 4?
-29
4 + -21 + 2 - (53 - (20 - -67))
19
What is (33 + -55 + (-4 - -5) - -13) + (0 - 1)?
-9
Calculate (36 - 44) + -52 + 46.
-14
Evaluate -63 + (8 - -69) + (-2 - -4).
16
88 + (1 + (9 - (-10 - -28)) - (-31 + 16))
95
Calculate 48 + -1 - (-129 - (-56 + -64)).
56
What is the value of (-69 + 61 - -27) + -63?
-44
-24 - (-3 + -8) - (3 + -3 + -12)
-1
36 - (10 + 27 + -100)
99
What is the value of 10 + 23 + 0 + 206 + -153?
86
-1 + 11 - (16 + 45 + -36 + -89)
74
-1 + -1 + 1 - (9 - (87 + -8)) - -11
80
What is -16 + 54 + -3 + -37?
-2
Evaluate -37 + 68 + 7 - 18.
20
Evaluate 2 - (-142 + -29 + -7 + 31).
149
-56 + (3 - 3 - (-14 - -15)) + (0 - -8)
-49
Calculate 9 + (1 - -1) - (132 + (-268 - -147)).
0
152 + 42 + -100 + -37
57
Evaluate 9 + 7 + 3 + (0 - (-10 + 10)) + -68.
-49
What is the value of (1 - 16) + 21 + (8 - 25)?
-11
What is -112 - -122 - 122 - -46?
-66
What is the value of (9 - -3) + 26 + 4 + 4 + -1?
45
-15 + -73 + 24 + 43
-21
1 + 108 + 0 - (2001 + -1975)
83
What is the value of -20 + -36 - (6 + -27 + -22 + 21)?
-34
What is the value of -4 + (6 - -68) + -10 - (-10 + 14 + -16)?
72
Evaluate 7 + -9 - ((8 - (-4 - -9)) + -3 - 9).
7
What is the value of 1 + 0 + 1 + (12 - 37) + 108 + -48?
37
What is 4 + 104 + 41 + -15 - 25?
109
What is 44 - 80 - ((2 + -6 - 2) + 41 + -46)?
-25
What is the value of (36 + -36 - 60) + -9 + -6 + 5?
-70
What is 12 + 11 + -9 - 22 - -50?
42
Calculate (1 - -56) + (-404 - -379).
32
What is the value of 2 - (-5 - -13 - (76 - 62))?
8
What is the value of -85 - (22 + -175 + 73)?
-5
What is 24 - (6 - -11) - (-1 - -8 - -12)?
-12
Calculate 15 + -76 - ((-63 - -89) + -14 + -3).
-70
What is 56 + (34 + -59 + 35 - (11 - 5))?
60
What is -85 + 74 + 8 + 40?
37
Evaluate -15 - -129 - (4 + 78).
32
(-7 - -4 - 4 - 2) + 28 + -23 + -28
-32
What is 7 + -5 + 2 - (28 + -58 - -13)?
21
Calculate 27 + (-21 + 30 - 14) - 29.
-7
Calculate -14 + 0 + 1 + (0 - -29) + (522 - 612).
-74
(16 - 46 - (-25 - -15)) + 10
-10
Evaluate -28 - ((24 - 37) + 6 + 26).
-47
Calculate 89 - (137 + -46 - 72).
70
-54 + (96 - (-97 - -24))
115
300 - 272 - (1 - (3 - 1)) - -12
41
Evaluate -59 + -9 + -55 + 124.
1
What is the value of -34303 - -34311 - (2 - 13 - (-1 + 3))?
21
31 + (4 - 32) + 103 + -6
100
What is the value of -24 + -3 - (409 - 443) - (-5 - -1) - 129?
-118
What is (-114 - -63 - -43) + 31?
23
Evaluate -21 + -17 + 43 + ((0 - -1) + -2 - 46).
-42
What is the value of 12 + -26 + -2 + 24 + 20 + -42?
-14
Evaluate (1 - -16 - 0) + (-21 + 2 - -17).
15
What is the value of -6 - (-13 - (-6 + 87 - (-9 - 4)) - -5)?
96
What is the value of -51 - (0 - (-18 + 7 - (-15 - 2)))?
-45
(45 - (-1 + 78)) + (11 